- u - 31. Let k be w(-4). Let o(f) = 6*f + 78. Let p be o(k). Calculate the highest common factor of p and 102.
6
Suppose 5*d = -4*m + 358, 153*d - 214 = 150*d - 2*m. What is the greatest common divisor of 2576 and d?
14
Suppose 5*t - 4*y - 78 = 0, 4*t = -27*y + 22*y + 46. Let m be (6880/(-602))/((-2)/t). What is the highest common factor of m and 300?
20
Let s be (-980)/(-686)*784/20. Calculate the highest common divisor of 22568 and s.
56
Let h = 7 + 12. Let o = 37 - h. Suppose -5*j = 2*i - o, 3*i + 2*j = j + 53. Calculate the highest common divisor of 76 and i.
19
Suppose 2*t = -3*t + 40. Suppose 0 = 1366*v - 11300 - 5092. Calculate the highest common factor of v and t.
4
Let l = -44131 + 44171. Let c(t) = 3*t**3 - 3*t. Let r be c(4). Calculate the greatest common divisor of r and l.
20
Let i(p) = -24*p - 40. Let d be i(3). Let z be 3/(3/22)*(-56)/d. Calculate the greatest common divisor of z and 77.
11
Suppose 10*n - 7 = 243. Suppose -2 = -o + 3. Let s be o*-10*(-45)/18. Calculate the greatest common factor of s and n.
25
Let t(o) = 4*o**2 + 35*o - 25. Let x(u) = u**2 + u. Let p(c) = -t(c) + 5*x(c). Let d be p(31). What is the highest common factor of 140 and d?
28
Let v(r) = 3*r**2 + 17*r - 6. Let b(h) = -3*h**3 + 23*h**2 - 18*h + 21. Let a be b(7). Let c be v(a). What is the highest common divisor of c and 187?
11
Let n(o) = o**2 + 50*o - 303. Let d be n(7). Calculate the greatest common divisor of 2160 and d.
48
Let f be (-16)/(5 + -5 - (4 - 2)). Let h be 110/f - (-201)/(-268). What is the greatest common factor of 208 and h?
13
Let s(r) = -2*r + 51. Suppose -67 + 19 = -4*c. Let i be s(c). What is the greatest common divisor of i and 90?
9
Let s be -8*7/14 + (-36)/(-4) - -165. Calculate the highest common divisor of 90 and s.
10
Let c(h) = -17*h + 47. Let k(s) = -s**2 + 23*s - 5. Let z be k(23). Let y be c(z). What is the highest common factor of y and 24?
12
Let j be 860/6 - 2/6. Let b = -79 - -73. Let u(p) = -12*p - 59. Let n be u(b). What is the greatest common factor of j and n?
13
Let a be (-2)/(-16) - 206409/(-56) - 7. Calculate the greatest common divisor of 117 and a.
13
Suppose -269*d + 345*d - 34048 = 0. Suppose x = 4*x - 168. Calculate the highest common divisor of d and x.
56
Suppose 2*f + 77*q = 73*q + 324, -3*f + 3*q = -459. Calculate the greatest common divisor of 2548 and f.
52
Suppose 121*l + 5130 = 112*l. Let a = l - -714. What is the greatest common factor of a and 64?
16
Let z be 34/(-221) - 5/(195/(-4218)). Calculate the greatest common divisor of z and 918.
54
Suppose -9*s + 33 = -39. Suppose 32 = s*m - 40. Suppose a = r + m, 3*a + 2*r = 2 + 10. Calculate the greatest common factor of 12 and a.
6
Suppose 0 = -4*r + 5*h + 94271, -2192*r + 2195*r - 70712 = -5*h. Calculate the highest common factor of 26 and r.
13
Let c(z) = -7*z - 23 - 13*z + z + 6*z. Let r be c(-3). What is the greatest common factor of r and 44?
4
Suppose 5*k + 529*g = 533*g + 147, -5*k + 126 = 3*g. Let h = -55 + 190. What is the highest common divisor of h and k?
27
Let x(u) = u**2 + 63*u + 576. Let g be x(-63). Calculate the greatest common divisor of g and 120.
24
Suppose -14 = -3*s - 5*j - 6, 2*j - 2 = 0. Let r be 2 + ((-4)/s - -302). Calculate the highest common divisor of r and 120.
60
Let x = 211975 - 211935. Suppose 0 = 2*u - 488 + 88. What is the highest common factor of x and u?
40
Suppose -76*v + 46737 = 12689. Suppose 0 = 5*n + 2*z - 5*z - 76, -2*z - 18 = -n. What is the greatest common factor of n and v?
14
Let l(a) = 195 - 151*a + 283*a - 149*a. Let n be l(11). Let q = 10 + 62. What is the highest common factor of n and q?
8
Let l = 355 + -510. Let v = l + 156. What is the highest common factor of v and 13?
1
Let h = -16537 + 16731. What is the highest common divisor of h and 14065?
97
Suppose 4*m + 20 = 0, 3*s - 3*m = 8*s + 10. Let f(p) = 2 - 2*p + s + 3*p. Let h be f(17). Calculate the highest common factor of 60 and h.
20
Let v be (-1)/(6956/1160 + -6). Calculate the highest common divisor of 464 and v.
58
Let p be (0 - -4602)/13 + -9. What is the highest common divisor of p and 30?
15
Let k be ((-48)/32)/(39/130) + (-362)/(-1). Calculate the highest common factor of k and 1479.
51
Suppose -3*o - 126 = -9*o. Let h = 256 + -141. Suppose -h = o*m - 577. What is the highest common factor of 154 and m?
22
Let p(t) = -5*t**3 - 338*t**2 + 59*t + 39. Let z be p(-68). What is the highest common factor of z and 25?
25
Let z = -7570 + 8302. What is the greatest common divisor of z and 2379?
183
Suppose 21*u - 32 = 17*u. Suppose -1 = 7*m - u*m. Suppose -2*h = h - 4*n - 23, 0 = -h + 3*n + m. Calculate the greatest common divisor of h and 65.
13
Let w(m) = -4*m + 36. Let l be w(8). Let a be 80/(-15)*1*(-15)/l. What is the greatest common factor of 15 and a?
5
Let h(d) be the first derivative of 21*d**2/2 + 209*d - 109. Let a be h(-9). Suppose 0 = 2*q - 6*q + 720. What is the highest common factor of q and a?
20
Let v = -44479 + 44623. What is the greatest common factor of v and 15840?
144
Let y be (64/(-28))/(158/(-3871)). What is the greatest common divisor of 17472 and y?
56
Let o be ((-28)/(-70))/(2/490). Calculate the highest common factor of 5586 and o.
98
Suppose -15*x = -218 - 67. Suppose 328 = x*v - 698. Let n = 267 + -186. What is the highest common divisor of v and n?
27
Let l(y) = -8*y. Let r be l(-1). Let a(u) = 10*u - 12 + 5*u + 15 - 8 - 7. Let k be a(r). Calculate the greatest common factor of k and 12.
12
Suppose -5*k - 55 = -145. Suppose -k*t + 44 = -16*t. Calculate the greatest common divisor of t and 121.
11
Let x be -2 - (8/6)/((-4)/(-6)). Let l be 8/x - (-68 - 7). Let n = 109 - l. What is the highest common factor of 12 and n?
12
Suppose z = 2*h - 201, -z + 9*z = 72. Let u = 179 - 95. What is the highest common divisor of u and h?
21
Suppose s + 4 + 4 = 0. Let l = 32 + s. Let q be ((54/(-147))/(33/(-770)))/((-2)/(-14)). What is the highest common factor of q and l?
12
Suppose 0 = 30*a - 381734 + 140984. Calculate the highest common divisor of 75 and a.
75
Let n = 71 - 45. Suppose 741936 = 392*h - 228*h + 453*h + 775*h. What is the greatest common factor of h and n?
13
Suppose -13*l + 47 = 8. Let w be 138*2/4 - l. Let y(d) = 167*d - 2. Let u be y(1). Calculate the highest common factor of u and w.
33
Let c be 6856/9 - (-26)/117. Let x = c + -759. Calculate the greatest common factor of x and 75.
3
Let z(m) = 3*m**2 + 58*m + 31. Let b be z(-19). Suppose -644 = -5*r - 104. Calculate the highest common divisor of b and r.
12
Let u(c) = -c**3 - 20*c**2 + 362*c - 52. Let p be u(-33). Calculate the greatest common factor of p and 34.
17
Let z = 5291 + -5270. What is the greatest common factor of z and 9009?
21
Suppose 0 = w - 5*x - 8 - 22, -4*w = 4*x. Suppose -71 = w*f - 41. Let h = -3 - f. Calculate the greatest common factor of h and 9.
3
Suppose -16*o + 48 = -272. What is the greatest common divisor of 100 and o?
20
Suppose 23 = 34*o - 181. What is the greatest common factor of o and 3282?
6
Let s be (80406/9)/6 - -2. Let p = 8 + 1. Suppose -p*g + s = -1344. What is the highest common factor of 35 and g?
35
Suppose 16*o + 54 = 13*o + 12*o. What is the highest common divisor of o and 362?
2
Let v = 196 + 8. Let c = -196 + v. Calculate the greatest common divisor of 20 and c.
4
Suppose -11*v - 17*v + 2500 = -3*v. Calculate the highest common divisor of 3200 and v.
100
Let d be (81/(-12))/(9/24). Let j be 11/(693/d) - 2620/(-7). What is the highest common divisor of 44 and j?
22
Suppose 0 = 2*b + b - 3. Let l = 10946 - 10923. Calculate the highest common divisor of b and l.
1
Let j(v) = -v**3 + 2*v + 212. Let h be j(0). Let a = h + -184. Suppose -6*s = -2*s - 56. What is the highest common divisor of s and a?
14
Suppose -7714*z - 2544 = -7730*z. What is the highest common divisor of z and 371?
53
Let w(d) = 2*d**3 + 2*d**2 + d - 2. Let x be w(2). Let z be (-34)/51*1/2*-18. Suppose -z = q - x. Calculate the highest common divisor of q and 72.
18
Let m(t) = 4*t + 21. Let s(b) = -b. Let d(f) = m(f) + 5*s(f). Let h be d(19). Let c = h - -8. What is the highest common factor of c and 130?
10
Let p(g) = -102*g - 1042. Let u be p(-11). Let b = 35 - 5. Suppose 0 = -3*l - 5*r + b, 5*l = 3*r + r + 50. Calculate the highest common diviso